{"id":2969,"date":"2018-07-09T13:26:24","date_gmt":"2018-07-09T11:26:24","guid":{"rendered":"https:\/\/eficasablanca.org\/?post_type=videos&#038;p=2969"},"modified":"2023-01-24T21:45:20","modified_gmt":"2023-01-24T20:45:20","slug":"la-fete-de-la-musique-de-lefi-casablanca-2","status":"publish","type":"videos","link":"https:\/\/eficasablanca.org\/en\/videos\/la-fete-de-la-musique-de-lefi-casablanca-2\/","title":{"rendered":"The Music Festival of EFI Casablanca"},"featured_media":1896,"template":"","class_list":["post-2969","videos","type-videos","status-publish","has-post-thumbnail","hentry"],"acf":[],"yoast_head":"<!-- This site is optimized with the Yoast SEO plugin v27.1.1 - https:\/\/yoast.com\/product\/yoast-seo-wordpress\/ -->\n<title>La F\u00eate de la musique de l&#039;EFI Casablanca - \u00c9cole Fran\u00e7aise Internationale de Casablanca<\/title>\n<meta name=\"robots\" content=\"index, follow, max-snippet:-1, max-image-preview:large, max-video-preview:-1\" \/>\n<link rel=\"canonical\" href=\"https:\/\/eficasablanca.org\/en\/videos\/la-fete-de-la-musique-de-lefi-casablanca-2\/\" \/>\n<meta property=\"og:locale\" content=\"en_US\" \/>\n<meta property=\"og:type\" content=\"article\" \/>\n<meta property=\"og:title\" content=\"La F\u00eate de la musique de l&#039;EFI Casablanca - \u00c9cole Fran\u00e7aise Internationale de Casablanca\" \/>\n<meta property=\"og:url\" content=\"https:\/\/eficasablanca.org\/en\/videos\/la-fete-de-la-musique-de-lefi-casablanca-2\/\" \/>\n<meta property=\"og:site_name\" content=\"\u00c9cole Fran\u00e7aise Internationale de Casablanca\" \/>\n<meta property=\"article:publisher\" content=\"https:\/\/www.facebook.com\/EFICasablanca\" \/>\n<meta property=\"article:modified_time\" content=\"2023-01-24T20:45:20+00:00\" \/>\n<meta property=\"og:image\" content=\"https:\/\/eficasablanca.org\/wp-content\/uploads\/2023\/01\/musique-1.webp\" \/>\n\t<meta property=\"og:image:width\" content=\"1074\" \/>\n\t<meta property=\"og:image:height\" content=\"800\" \/>\n\t<meta property=\"og:image:type\" content=\"image\/webp\" \/>\n<meta name=\"twitter:card\" content=\"summary_large_image\" \/>\n<script type=\"application\/ld+json\" class=\"yoast-schema-graph\">{\"@context\":\"https:\/\/schema.org\",\"@graph\":[{\"@type\":\"WebPage\",\"@id\":\"https:\/\/eficasablanca.org\/videos\/la-fete-de-la-musique-de-lefi-casablanca-2\/\",\"url\":\"https:\/\/eficasablanca.org\/videos\/la-fete-de-la-musique-de-lefi-casablanca-2\/\",\"name\":\"La F\u00eate de la musique de l'EFI Casablanca - \u00c9cole Fran\u00e7aise Internationale de Casablanca\",\"isPartOf\":{\"@id\":\"https:\/\/eficasablanca.org\/#website\"},\"primaryImageOfPage\":{\"@id\":\"https:\/\/eficasablanca.org\/videos\/la-fete-de-la-musique-de-lefi-casablanca-2\/#primaryimage\"},\"image\":{\"@id\":\"https:\/\/eficasablanca.org\/videos\/la-fete-de-la-musique-de-lefi-casablanca-2\/#primaryimage\"},\"thumbnailUrl\":\"https:\/\/eficasablanca.org\/wp-content\/uploads\/2023\/01\/musique-1.webp\",\"datePublished\":\"2018-07-09T11:26:24+00:00\",\"dateModified\":\"2023-01-24T20:45:20+00:00\",\"breadcrumb\":{\"@id\":\"https:\/\/eficasablanca.org\/videos\/la-fete-de-la-musique-de-lefi-casablanca-2\/#breadcrumb\"},\"inLanguage\":\"en-US\",\"potentialAction\":[{\"@type\":\"ReadAction\",\"target\":[\"https:\/\/eficasablanca.org\/videos\/la-fete-de-la-musique-de-lefi-casablanca-2\/\"]}]},{\"@type\":\"ImageObject\",\"inLanguage\":\"en-US\",\"@id\":\"https:\/\/eficasablanca.org\/videos\/la-fete-de-la-musique-de-lefi-casablanca-2\/#primaryimage\",\"url\":\"https:\/\/eficasablanca.org\/wp-content\/uploads\/2023\/01\/musique-1.webp\",\"contentUrl\":\"https:\/\/eficasablanca.org\/wp-content\/uploads\/2023\/01\/musique-1.webp\",\"width\":1074,\"height\":800},{\"@type\":\"BreadcrumbList\",\"@id\":\"https:\/\/eficasablanca.org\/videos\/la-fete-de-la-musique-de-lefi-casablanca-2\/#breadcrumb\",\"itemListElement\":[{\"@type\":\"ListItem\",\"position\":1,\"name\":\"Accueil\",\"item\":\"https:\/\/eficasablanca.org\/\"},{\"@type\":\"ListItem\",\"position\":2,\"name\":\"Vid\u00e9os\",\"item\":\"https:\/\/eficasablanca.org\/videos\/\"},{\"@type\":\"ListItem\",\"position\":3,\"name\":\"La F\u00eate de la musique de l&rsquo;EFI Casablanca\"}]},{\"@type\":\"WebSite\",\"@id\":\"https:\/\/eficasablanca.org\/#website\",\"url\":\"https:\/\/eficasablanca.org\/\",\"name\":\"\u00c9cole Fran\u00e7aise Internationale de Casablanca\",\"description\":\"L&#039;\u00c9cole Fran\u00e7aise Internationale\",\"publisher\":{\"@id\":\"https:\/\/eficasablanca.org\/#organization\"},\"potentialAction\":[{\"@type\":\"SearchAction\",\"target\":{\"@type\":\"EntryPoint\",\"urlTemplate\":\"https:\/\/eficasablanca.org\/?s={search_term_string}\"},\"query-input\":{\"@type\":\"PropertyValueSpecification\",\"valueRequired\":true,\"valueName\":\"search_term_string\"}}],\"inLanguage\":\"en-US\"},{\"@type\":\"Organization\",\"@id\":\"https:\/\/eficasablanca.org\/#organization\",\"name\":\"Ecole Fran\u00e7aise Internationale Casablanca\",\"url\":\"https:\/\/eficasablanca.org\/\",\"logo\":{\"@type\":\"ImageObject\",\"inLanguage\":\"en-US\",\"@id\":\"https:\/\/eficasablanca.org\/#\/schema\/logo\/image\/\",\"url\":\"https:\/\/eficasablanca.org\/wp-content\/uploads\/2022\/12\/Logo-EFI-DEF-1-1-02-1.webp\",\"contentUrl\":\"https:\/\/eficasablanca.org\/wp-content\/uploads\/2022\/12\/Logo-EFI-DEF-1-1-02-1.webp\",\"width\":644,\"height\":100,\"caption\":\"Ecole Fran\u00e7aise Internationale Casablanca\"},\"image\":{\"@id\":\"https:\/\/eficasablanca.org\/#\/schema\/logo\/image\/\"},\"sameAs\":[\"https:\/\/www.facebook.com\/EFICasablanca\",\"https:\/\/www.instagram.com\/efi_casablanca\/?hl=fr\",\"https:\/\/www.linkedin.com\/company\/efi-casablanca\/about\/?viewAsMember=true\"]}]}<\/script>\n<!-- \/ Yoast SEO plugin. -->","yoast_head_json":{"title":"La F\u00eate de la musique de l'EFI Casablanca - \u00c9cole Fran\u00e7aise Internationale de Casablanca","robots":{"index":"index","follow":"follow","max-snippet":"max-snippet:-1","max-image-preview":"max-image-preview:large","max-video-preview":"max-video-preview:-1"},"canonical":"https:\/\/eficasablanca.org\/en\/videos\/la-fete-de-la-musique-de-lefi-casablanca-2\/","og_locale":"en_US","og_type":"article","og_title":"La F\u00eate de la musique de l'EFI Casablanca - \u00c9cole Fran\u00e7aise Internationale de Casablanca","og_url":"https:\/\/eficasablanca.org\/en\/videos\/la-fete-de-la-musique-de-lefi-casablanca-2\/","og_site_name":"\u00c9cole Fran\u00e7aise Internationale de Casablanca","article_publisher":"https:\/\/www.facebook.com\/EFICasablanca","article_modified_time":"2023-01-24T20:45:20+00:00","og_image":[{"width":1074,"height":800,"url":"https:\/\/eficasablanca.org\/wp-content\/uploads\/2023\/01\/musique-1.webp","type":"image\/webp"}],"twitter_card":"summary_large_image","schema":{"@context":"https:\/\/schema.org","@graph":[{"@type":"WebPage","@id":"https:\/\/eficasablanca.org\/videos\/la-fete-de-la-musique-de-lefi-casablanca-2\/","url":"https:\/\/eficasablanca.org\/videos\/la-fete-de-la-musique-de-lefi-casablanca-2\/","name":"La F\u00eate de la musique de l'EFI Casablanca - \u00c9cole Fran\u00e7aise Internationale de Casablanca","isPartOf":{"@id":"https:\/\/eficasablanca.org\/#website"},"primaryImageOfPage":{"@id":"https:\/\/eficasablanca.org\/videos\/la-fete-de-la-musique-de-lefi-casablanca-2\/#primaryimage"},"image":{"@id":"https:\/\/eficasablanca.org\/videos\/la-fete-de-la-musique-de-lefi-casablanca-2\/#primaryimage"},"thumbnailUrl":"https:\/\/eficasablanca.org\/wp-content\/uploads\/2023\/01\/musique-1.webp","datePublished":"2018-07-09T11:26:24+00:00","dateModified":"2023-01-24T20:45:20+00:00","breadcrumb":{"@id":"https:\/\/eficasablanca.org\/videos\/la-fete-de-la-musique-de-lefi-casablanca-2\/#breadcrumb"},"inLanguage":"en-US","potentialAction":[{"@type":"ReadAction","target":["https:\/\/eficasablanca.org\/videos\/la-fete-de-la-musique-de-lefi-casablanca-2\/"]}]},{"@type":"ImageObject","inLanguage":"en-US","@id":"https:\/\/eficasablanca.org\/videos\/la-fete-de-la-musique-de-lefi-casablanca-2\/#primaryimage","url":"https:\/\/eficasablanca.org\/wp-content\/uploads\/2023\/01\/musique-1.webp","contentUrl":"https:\/\/eficasablanca.org\/wp-content\/uploads\/2023\/01\/musique-1.webp","width":1074,"height":800},{"@type":"BreadcrumbList","@id":"https:\/\/eficasablanca.org\/videos\/la-fete-de-la-musique-de-lefi-casablanca-2\/#breadcrumb","itemListElement":[{"@type":"ListItem","position":1,"name":"Accueil","item":"https:\/\/eficasablanca.org\/"},{"@type":"ListItem","position":2,"name":"Vid\u00e9os","item":"https:\/\/eficasablanca.org\/videos\/"},{"@type":"ListItem","position":3,"name":"La F\u00eate de la musique de l&rsquo;EFI Casablanca"}]},{"@type":"WebSite","@id":"https:\/\/eficasablanca.org\/#website","url":"https:\/\/eficasablanca.org\/","name":"Casablanca International French School","description":"L&#039;\u00c9cole Fran\u00e7aise Internationale","publisher":{"@id":"https:\/\/eficasablanca.org\/#organization"},"potentialAction":[{"@type":"SearchAction","target":{"@type":"EntryPoint","urlTemplate":"https:\/\/eficasablanca.org\/?s={search_term_string}"},"query-input":{"@type":"PropertyValueSpecification","valueRequired":true,"valueName":"search_term_string"}}],"inLanguage":"en-US"},{"@type":"Organization","@id":"https:\/\/eficasablanca.org\/#organization","name":"Ecole Fran\u00e7aise Internationale Casablanca","url":"https:\/\/eficasablanca.org\/","logo":{"@type":"ImageObject","inLanguage":"en-US","@id":"https:\/\/eficasablanca.org\/#\/schema\/logo\/image\/","url":"https:\/\/eficasablanca.org\/wp-content\/uploads\/2022\/12\/Logo-EFI-DEF-1-1-02-1.webp","contentUrl":"https:\/\/eficasablanca.org\/wp-content\/uploads\/2022\/12\/Logo-EFI-DEF-1-1-02-1.webp","width":644,"height":100,"caption":"Ecole Fran\u00e7aise Internationale Casablanca"},"image":{"@id":"https:\/\/eficasablanca.org\/#\/schema\/logo\/image\/"},"sameAs":["https:\/\/www.facebook.com\/EFICasablanca","https:\/\/www.instagram.com\/efi_casablanca\/?hl=fr","https:\/\/www.linkedin.com\/company\/efi-casablanca\/about\/?viewAsMember=true"]}]}},"_links":{"self":[{"href":"https:\/\/eficasablanca.org\/en\/wp-json\/wp\/v2\/videos\/2969","targetHints":{"allow":["GET"]}}],"collection":[{"href":"https:\/\/eficasablanca.org\/en\/wp-json\/wp\/v2\/videos"}],"about":[{"href":"https:\/\/eficasablanca.org\/en\/wp-json\/wp\/v2\/types\/videos"}],"wp:featuredmedia":[{"embeddable":true,"href":"https:\/\/eficasablanca.org\/en\/wp-json\/wp\/v2\/media\/1896"}],"wp:attachment":[{"href":"https:\/\/eficasablanca.org\/en\/wp-json\/wp\/v2\/media?parent=2969"}],"curies":[{"name":"wp","href":"https:\/\/api.w.org\/{rel}","templated":true}]}}

<!-- This site is optimized with the Yoast SEO plugin v27.1.1 - https://yoast.com/product/yoast-seo-wordpress/ -->
<title>La Fête de la musique de l&#039;EFI Casablanca - École Française Internationale de Casablanca</title>
<meta name="robots" content="index, follow, max-snippet:-1, max-image-preview:large, max-video-preview:-1" />
<link rel="canonical" href="https://eficasablanca.org/en/videos/la-fete-de-la-musique-de-lefi-casablanca-2/" />
<meta property="og:locale" content="en_US" />
<meta property="og:type" content="article" />
<meta property="og:title" content="La Fête de la musique de l&#039;EFI Casablanca - École Française Internationale de Casablanca" />
<meta property="og:url" content="https://eficasablanca.org/en/videos/la-fete-de-la-musique-de-lefi-casablanca-2/" />
<meta property="og:site_name" content="École Française Internationale de Casablanca" />
<meta property="article:publisher" content="https://www.facebook.com/EFICasablanca" />
<meta property="article:modified_time" content="2023-01-24T20:45:20+00:00" />
<meta property="og:image" content="https://eficasablanca.org/wp-content/uploads/2023/01/musique-1.webp" />
	<meta property="og:image:width" content="1074" />
	<meta property="og:image:height" content="800" />
	<meta property="og:image:type" content="image/webp" />
<meta name="twitter:card" content="summary_large_image" />
<script type="application/ld+json" class="yoast-schema-graph">{"@context":"https://schema.org","@graph":[{"@type":"WebPage","@id":"https://eficasablanca.org/videos/la-fete-de-la-musique-de-lefi-casablanca-2/","url":"https://eficasablanca.org/videos/la-fete-de-la-musique-de-lefi-casablanca-2/","name":"La Fête de la musique de l'EFI Casablanca - École Française Internationale de Casablanca","isPartOf":{"@id":"https://eficasablanca.org/#website"},"primaryImageOfPage":{"@id":"https://eficasablanca.org/videos/la-fete-de-la-musique-de-lefi-casablanca-2/#primaryimage"},"image":{"@id":"https://eficasablanca.org/videos/la-fete-de-la-musique-de-lefi-casablanca-2/#primaryimage"},"thumbnailUrl":"https://eficasablanca.org/wp-content/uploads/2023/01/musique-1.webp","datePublished":"2018-07-09T11:26:24+00:00","dateModified":"2023-01-24T20:45:20+00:00","breadcrumb":{"@id":"https://eficasablanca.org/videos/la-fete-de-la-musique-de-lefi-casablanca-2/#breadcrumb"},"inLanguage":"en-US","potentialAction":[{"@type":"ReadAction","target":["https://eficasablanca.org/videos/la-fete-de-la-musique-de-lefi-casablanca-2/"]}]},{"@type":"ImageObject","inLanguage":"en-US","@id":"https://eficasablanca.org/videos/la-fete-de-la-musique-de-lefi-casablanca-2/#primaryimage","url":"https://eficasablanca.org/wp-content/uploads/2023/01/musique-1.webp","contentUrl":"https://eficasablanca.org/wp-content/uploads/2023/01/musique-1.webp","width":1074,"height":800},{"@type":"BreadcrumbList","@id":"https://eficasablanca.org/videos/la-fete-de-la-musique-de-lefi-casablanca-2/#breadcrumb","itemListElement":[{"@type":"ListItem","position":1,"name":"Accueil","item":"https://eficasablanca.org/"},{"@type":"ListItem","position":2,"name":"Vidéos","item":"https://eficasablanca.org/videos/"},{"@type":"ListItem","position":3,"name":"La Fête de la musique de l&rsquo;EFI Casablanca"}]},{"@type":"WebSite","@id":"https://eficasablanca.org/#website","url":"https://eficasablanca.org/","name":"École Française Internationale de Casablanca","description":"L&#039;École Française Internationale","publisher":{"@id":"https://eficasablanca.org/#organization"},"potentialAction":[{"@type":"SearchAction","target":{"@type":"EntryPoint","urlTemplate":"https://eficasablanca.org/?s={search_term_string}"},"query-input":{"@type":"PropertyValueSpecification","valueRequired":true,"valueName":"search_term_string"}}],"inLanguage":"en-US"},{"@type":"Organization","@id":"https://eficasablanca.org/#organization","name":"Ecole Française Internationale Casablanca","url":"https://eficasablanca.org/","logo":{"@type":"ImageObject","inLanguage":"en-US","@id":"https://eficasablanca.org/#/schema/logo/image/","url":"https://eficasablanca.org/wp-content/uploads/2022/12/Logo-EFI-DEF-1-1-02-1.webp","contentUrl":"https://eficasablanca.org/wp-content/uploads/2022/12/Logo-EFI-DEF-1-1-02-1.webp","width":644,"height":100,"caption":"Ecole Française Internationale Casablanca"},"image":{"@id":"https://eficasablanca.org/#/schema/logo/image/"},"sameAs":["https://www.facebook.com/EFICasablanca","https://www.instagram.com/efi_casablanca/?hl=fr","https://www.linkedin.com/company/efi-casablanca/about/?viewAsMember=true"]}]}</script>
<!-- / Yoast SEO plugin. -->

La Fête de la musique de l'EFI Casablanca - École Française Internationale de Casablanca

École Française Internationale de Casablanca

Vidéos

La Fête de la musique de l&rsquo;EFI Casablanca

L&#039;École Française Internationale

Ecole Française Internationale Casablanca
